{"id":158,"date":"2022-11-02T17:16:12","date_gmt":"2022-11-02T17:16:12","guid":{"rendered":"https:\/\/kraghterapi.dk\/?page_id=158"},"modified":"2025-08-14T16:06:42","modified_gmt":"2025-08-14T16:06:42","slug":"%c2%a754-stoette-til-foraeldre-med-anbragte-boern","status":"publish","type":"page","link":"https:\/\/kraghterapi.dk\/?page_id=158","title":{"rendered":"\u00a775 St\u00f8tte til for\u00e6ldre med anbragte b\u00f8rn"},"content":{"rendered":"<div data-colibri-id=\"158-c1\" class=\"style-250 style-local-158-c1 position-relative\">\r\n  <!---->\r\n  <div data-colibri-component=\"section\" data-colibri-id=\"158-c2\" id=\"custom-3\" class=\"h-section h-section-global-spacing d-flex align-items-lg-center align-items-md-center align-items-center style-409 style-local-158-c2 position-relative\">\r\n    <!---->\r\n    <!---->\r\n    <div class=\"h-section-grid-container h-section-boxed-container\">\r\n      <!---->\r\n      <div data-colibri-id=\"158-c3\" class=\"h-row-container gutters-row-lg-2 gutters-row-md-2 gutters-row-0 gutters-row-v-lg-2 gutters-row-v-md-2 gutters-row-v-2 style-410 style-local-158-c3 position-relative\">\r\n        <!---->\r\n        <div class=\"h-row justify-content-lg-center justify-content-md-center justify-content-center align-items-lg-center align-items-md-center align-items-center gutters-col-lg-2 gutters-col-md-2 gutters-col-0 gutters-col-v-lg-2 gutters-col-v-md-2 gutters-col-v-2\">\r\n          <!---->\r\n          <div class=\"h-column h-column-container d-flex h-col-lg-auto h-col-md-auto h-col-auto align-self-lg-center align-self-md-center align-self-center style-411-outer style-local-158-c4-outer\">\r\n            <div data-colibri-id=\"158-c4\" class=\"d-flex h-flex-basis h-column__inner h-px-lg-2 h-px-md-2 h-px-2 v-inner-lg-2 v-inner-md-2 v-inner-2 style-411 style-local-158-c4 position-relative\">\r\n              <!---->\r\n              <!---->\r\n              <div class=\"w-100 h-y-container h-column__content h-column__v-align flex-basis-100 align-self-lg-center align-self-md-center align-self-center\">\r\n                <!---->\r\n                <div data-colibri-id=\"158-c5\" class=\"h-text h-text-component style-413 style-local-158-c5 position-relative h-element\">\r\n                  <!---->\r\n                  <!---->\r\n                  <div class=\"\">\r\n                    <p>\u00a7 75 st\u00f8tte person<\/p>\r\n                    <p>At opleve at f\u00e5 sit barn anbragt er en sv\u00e6r situation og for langt de fleste for\u00e6ldre vil det v\u00e6re givende, at tage imod st\u00f8tte og sparring fra en uvildig person, hvor der er tid til at s\u00e6tte ord p\u00e5 det sv\u00e6re, s\u00e5rbare og sorgfulde\r\n                      omkring anbringelsen og det den har f\u00f8rt med sig af forandringer for dig og din familie.<\/p>\r\n                    <p>Det er v\u00e6sentligt for mig at m\u00f8de hver enkelt menneske n\u00e6rv\u00e6rende, \u00e6rligt og respektfuldt. Jeg vil g\u00f8re mit yderste for at etablere en tryg og tillidsfuld relation med plads til det, der optager dig som for\u00e6ldre til et barn, der er\r\n                      anbragt.<\/p>\r\n                    <p>Som \u00a7 75 st\u00f8tte person kan jeg eksempelvis st\u00f8tte op omkring:<\/p>\r\n                    <p>At give rum og plads til at dele sv\u00e6re f\u00f8lelser, tanker og oplevelser, der er forbundet med at v\u00e6re for\u00e6ldre til et anbragt barn.\r\n                      <br>\r\n                    <\/p>\r\n                    <p>At r\u00e5dgive i forbindelse med samv\u00e6r og samspillet med barnet.<\/p>\r\n                    <p>At gennemg\u00e5 og forst\u00e5 dokumenter omkring anbringelsen, statusrapporter, b\u00f8rnepsykologiske unders\u00f8gelser, for\u00e6ldrekompetence unders\u00f8gelser mv.<\/p>\r\n                    <p>At forberede, deltage og evaluere m\u00f8der med forvaltningen og anbringelsessted.<\/p>\r\n                    <p>At st\u00f8tte op omkring samarbejdet imellem for\u00e6ldre, anbringelsessted og familiens socialr\u00e5dgiver.<\/p>\r\n                    <p>Jeg kender til lovgivningen og rettigheder p\u00e5 anbringelsesomr\u00e5det.<\/p>\r\n                    <p>Jeg har ikke del i den aktuelle anbringelsessag og arbejder uafh\u00e6ngig af kommunen.<\/p>\r\n                    <p>Jeg skal ikke informere kommunen om indholdet af samtalerne.<\/p>\r\n                  <\/div>\r\n                <\/div>\r\n              <\/div>\r\n            <\/div>\r\n          <\/div>\r\n          <div class=\"h-column h-column-container d-flex h-col-lg-auto h-col-md-auto h-col-auto align-self-lg-center align-self-md-center align-self-center style-414-outer style-local-158-c6-outer\">\r\n            <div data-colibri-id=\"158-c6\" class=\"d-flex h-flex-basis h-column__inner h-px-lg-2 h-px-md-2 h-px-2 v-inner-lg-2 v-inner-md-2 v-inner-2 style-414 style-local-158-c6 position-relative\">\r\n              <!---->\r\n              <!---->\r\n              <div class=\"w-100 h-y-container h-column__content h-column__v-align flex-basis-auto align-self-lg-start align-self-md-start align-self-start\">\r\n                <!---->\r\n                <div data-colibri-id=\"158-c7\" class=\"d-block style-415 style-local-158-c7 position-relative h-element\">\r\n                  <!---->\r\n                  <div class=\"h-image__frame-container-outer\">\r\n                    <div class=\"h-image__frame-container\">\r\n                      <!---->\r\n                      <!---->\r\n                      <img loading=\"lazy\" decoding=\"async\" width=\"1600\" height=\"600\" src=\"https:\/\/kraghterapi.dk\/wp-content\/uploads\/2022\/11\/kraghterapi-blade1600x600-54.jpg\" class=\"wp-image-630 style-415-image style-local-158-c7-image\" alt=\"\" srcset=\"https:\/\/kraghterapi.dk\/wp-content\/uploads\/2022\/11\/kraghterapi-blade1600x600-54.jpg 1600w, https:\/\/kraghterapi.dk\/wp-content\/uploads\/2022\/11\/kraghterapi-blade1600x600-54-300x113.jpg 300w, https:\/\/kraghterapi.dk\/wp-content\/uploads\/2022\/11\/kraghterapi-blade1600x600-54-1024x384.jpg 1024w, https:\/\/kraghterapi.dk\/wp-content\/uploads\/2022\/11\/kraghterapi-blade1600x600-54-768x288.jpg 768w, https:\/\/kraghterapi.dk\/wp-content\/uploads\/2022\/11\/kraghterapi-blade1600x600-54-1536x576.jpg 1536w\" sizes=\"auto, (max-width: 1600px) 100vw, 1600px\" \/>\r\n                      <div class=\"h-image__frame h-hide-lg h-hide-md h-hide-sm style-415-frameImage style-local-158-c7-frameImage\"><\/div>\r\n                    <\/div>\r\n                  <\/div>\r\n                <\/div>\r\n              <\/div>\r\n            <\/div>\r\n          <\/div>\r\n          <div class=\"h-column h-column-container d-flex h-col-lg-auto h-col-md-auto h-col-auto align-self-lg-center align-self-md-center align-self-center style-416-outer style-local-158-c8-outer\">\r\n            <div data-colibri-id=\"158-c8\" class=\"d-flex h-flex-basis h-column__inner h-px-lg-2 h-px-md-2 h-px-2 v-inner-lg-2 v-inner-md-2 v-inner-2 style-416 style-local-158-c8 position-relative\">\r\n              <!---->\r\n              <!---->\r\n              <div class=\"w-100 h-y-container h-column__content h-column__v-align flex-basis-auto align-self-lg-start align-self-md-start align-self-start\">\r\n                <!---->\r\n                <div data-colibri-id=\"158-c9\" class=\"h-text h-text-component style-417 style-local-158-c9 position-relative h-element\">\r\n                  <!---->\r\n                  <!---->\r\n                  <div class=\"\">\r\n                    <p>Om min baggrund:<\/p>\r\n                    <p>Jeg har 15 \u00e5rs erfaring i at arbejde som \u00a7 75 st\u00f8tte person til for\u00e6ldre, der har f\u00e5et deres barn anbragt.<\/p>\r\n                    <p>Jeg har en baggrund som socialp\u00e6dagog, ID Psykoterapeut og Marte Meo Terapeut.\r\n                      <br>Jeg har 30 \u00e5rs erfaring i at arbejde med familier\r\n                      <br>som har komplekse udfordringer, samspils -og samarbejdsproblematikker.<\/p>\r\n                    <p>For yderlige informationer, se mere under punktet uddannelser og erfaringer eller ring gerne for en uforpligtende samtale.<\/p>\r\n                    <p>Kommunen har pligt til at tilbyde for\u00e6ldremyndighedsindehaveren en uafh\u00e6ngig st\u00f8tteperson i forbindelse med anbringelse af et eller flere b\u00f8rn \u2013 uafh\u00e6ngig af om anbringelsen er med eller uden samtykke.<\/p>\r\n                    <p>En \u00a7 75 st\u00f8tteperson bevilliges af familiens socialr\u00e5dgiver i din bop\u00e6ls kommune, som ogs\u00e5 betaler for st\u00f8tten.\r\n                      <br>Tilbuddet er derved gratis for for\u00e6ldrene.\r\n                      <br>\r\n                      <br>\r\n                    <\/p>\r\n                    <p>St\u00f8tteperson til for\u00e6ldre i forbindelse med barnets eller den unges anbringelse uden for hjemmet.<\/p>\r\n                    <p>Barnet lov, kapitel 7, \u00a7 75. Kommunalbestyrelsen skal tr\u00e6ffe afg\u00f8relse om at tilbyde for\u00e6ldremyndighedsindehaveren en st\u00f8tteperson i forbindelse med barnets eller den unges anbringelse uden for hjemmet, jf. \u00a7\u00a7 46 eller 47 i denne lov\r\n                      eller \u00a7 14 i lov om bek\u00e6mpelse af ungdomskriminalitet.<\/p>\r\n                    <p>\r\n                      <br>\r\n                    <\/p>\r\n                    <p>\r\n                      <br>\r\n                    <\/p>\r\n                    <p>\r\n                      <br>\r\n                    <\/p>\r\n                  <\/div>\r\n                <\/div>\r\n              <\/div>\r\n            <\/div>\r\n          <\/div>\r\n        <\/div>\r\n      <\/div>\r\n    <\/div>\r\n  <\/div>\r\n  <div data-colibri-component=\"section\" data-colibri-id=\"158-c10\" id=\"custom-2\" class=\"h-section h-section-global-spacing d-flex align-items-lg-center align-items-md-center align-items-center style-340 style-local-158-c10 position-relative\">\r\n    <!---->\r\n    <!---->\r\n    <div class=\"h-section-grid-container h-section-boxed-container\">\r\n      <!---->\r\n      <div data-colibri-id=\"158-c11\" class=\"h-row-container gutters-row-lg-2 gutters-row-md-2 gutters-row-0 gutters-row-v-lg-2 gutters-row-v-md-2 gutters-row-v-2 style-341 style-local-158-c11 position-relative\">\r\n        <!---->\r\n        <div class=\"h-row justify-content-lg-center justify-content-md-center justify-content-center align-items-lg-stretch align-items-md-stretch align-items-stretch gutters-col-lg-2 gutters-col-md-2 gutters-col-0 gutters-col-v-lg-2 gutters-col-v-md-2 gutters-col-v-2\">\r\n          <!---->\r\n          <div class=\"h-column h-column-container d-flex h-col-lg-auto h-col-md-auto h-col-auto style-342-outer style-local-158-c12-outer\">\r\n            <div data-colibri-id=\"158-c12\" class=\"d-flex h-flex-basis h-column__inner h-px-lg-2 h-px-md-2 h-px-2 v-inner-lg-2 v-inner-md-2 v-inner-2 style-342 style-local-158-c12 position-relative\">\r\n              <!---->\r\n              <!---->\r\n              <div class=\"w-100 h-y-container h-column__content h-column__v-align flex-basis-100 align-self-lg-start align-self-md-start align-self-start\">\r\n                <!---->\r\n                <div data-colibri-id=\"158-c13\" class=\"d-block style-343 style-local-158-c13 position-relative h-element\">\r\n                  <!---->\r\n                  <div class=\"h-image__frame-container-outer\">\r\n                    <a href=\"mailto:hanne@kraghterapi.dk\" target=\"_blank\" h-use-smooth-scroll=\"true\" class=\"image-link\">\r\n                      <div class=\"h-image__frame-container\">\r\n                        <!---->\r\n                        <!---->\r\n                        <img loading=\"lazy\" decoding=\"async\" width=\"1654\" height=\"154\" src=\"https:\/\/kraghterapi.dk\/wp-content\/uploads\/2022\/11\/iconer-mail-tlf-adresse-groen-baggrund-fini23-psylogo.jpg\" class=\"wp-image-1146 style-343-image style-local-158-c13-image\" alt=\"\" srcset=\"https:\/\/kraghterapi.dk\/wp-content\/uploads\/2022\/11\/iconer-mail-tlf-adresse-groen-baggrund-fini23-psylogo.jpg 1654w, https:\/\/kraghterapi.dk\/wp-content\/uploads\/2022\/11\/iconer-mail-tlf-adresse-groen-baggrund-fini23-psylogo-300x28.jpg 300w, https:\/\/kraghterapi.dk\/wp-content\/uploads\/2022\/11\/iconer-mail-tlf-adresse-groen-baggrund-fini23-psylogo-1024x95.jpg 1024w, https:\/\/kraghterapi.dk\/wp-content\/uploads\/2022\/11\/iconer-mail-tlf-adresse-groen-baggrund-fini23-psylogo-768x72.jpg 768w, https:\/\/kraghterapi.dk\/wp-content\/uploads\/2022\/11\/iconer-mail-tlf-adresse-groen-baggrund-fini23-psylogo-1536x143.jpg 1536w\" sizes=\"auto, (max-width: 1654px) 100vw, 1654px\" \/>\r\n                        <div class=\"h-image__frame h-hide-lg h-hide-md h-hide-sm style-343-frameImage style-local-158-c13-frameImage\"><\/div>\r\n                      <\/div>\r\n                    <\/a>\r\n                  <\/div>\r\n                <\/div>\r\n              <\/div>\r\n            <\/div>\r\n          <\/div>\r\n        <\/div>\r\n      <\/div>\r\n    <\/div>\r\n  <\/div>\r\n<\/div>","protected":false},"excerpt":{"rendered":"<p>\u00a7 75 st\u00f8tte person At opleve at f\u00e5 sit barn anbragt er en sv\u00e6r situation og for langt de fleste for\u00e6ldre vil det v\u00e6re givende, at tage imod st\u00f8tte og sparring fra en uvildig person, hvor der er tid til at s\u00e6tte ord p\u00e5 det sv\u00e6re, s\u00e5rbare og sorgfulde omkring anbringelsen og det den har [&hellip;]<\/p>\n","protected":false},"author":1,"featured_media":0,"parent":0,"menu_order":0,"comment_status":"closed","ping_status":"closed","template":"page-templates\/full-width-page.php","meta":{"footnotes":""},"class_list":["post-158","page","type-page","status-publish","hentry"],"_links":{"self":[{"href":"https:\/\/kraghterapi.dk\/index.php?rest_route=\/wp\/v2\/pages\/158","targetHints":{"allow":["GET"]}}],"collection":[{"href":"https:\/\/kraghterapi.dk\/index.php?rest_route=\/wp\/v2\/pages"}],"about":[{"href":"https:\/\/kraghterapi.dk\/index.php?rest_route=\/wp\/v2\/types\/page"}],"author":[{"embeddable":true,"href":"https:\/\/kraghterapi.dk\/index.php?rest_route=\/wp\/v2\/users\/1"}],"replies":[{"embeddable":true,"href":"https:\/\/kraghterapi.dk\/index.php?rest_route=%2Fwp%2Fv2%2Fcomments&post=158"}],"version-history":[{"count":20,"href":"https:\/\/kraghterapi.dk\/index.php?rest_route=\/wp\/v2\/pages\/158\/revisions"}],"predecessor-version":[{"id":1455,"href":"https:\/\/kraghterapi.dk\/index.php?rest_route=\/wp\/v2\/pages\/158\/revisions\/1455"}],"wp:attachment":[{"href":"https:\/\/kraghterapi.dk\/index.php?rest_route=%2Fwp%2Fv2%2Fmedia&parent=158"}],"curies":[{"name":"wp","href":"https:\/\/api.w.org\/{rel}","templated":true}]}}

§75 Støtte til forældre med anbragte børn

<div data-colibri-id="158-c1" class="style-250 style-local-158-c1 position-relative">
  <!---->
  <div data-colibri-component="section" data-colibri-id="158-c2" id="custom-3" class="h-section h-section-global-spacing d-flex align-items-lg-center align-items-md-center align-items-center style-409 style-local-158-c2 position-relative">
    <!---->
    <!---->
    <div class="h-section-grid-container h-section-boxed-container">
      <!---->
      <div data-colibri-id="158-c3" class="h-row-container gutters-row-lg-2 gutters-row-md-2 gutters-row-0 gutters-row-v-lg-2 gutters-row-v-md-2 gutters-row-v-2 style-410 style-local-158-c3 position-relative">
        <!---->
        <div class="h-row justify-content-lg-center justify-content-md-center justify-content-center align-items-lg-center align-items-md-center align-items-center gutters-col-lg-2 gutters-col-md-2 gutters-col-0 gutters-col-v-lg-2 gutters-col-v-md-2 gutters-col-v-2">
          <!---->
          <div class="h-column h-column-container d-flex h-col-lg-auto h-col-md-auto h-col-auto align-self-lg-center align-self-md-center align-self-center style-411-outer style-local-158-c4-outer">
            <div data-colibri-id="158-c4" class="d-flex h-flex-basis h-column__inner h-px-lg-2 h-px-md-2 h-px-2 v-inner-lg-2 v-inner-md-2 v-inner-2 style-411 style-local-158-c4 position-relative">
              <!---->
              <!---->
              <div class="w-100 h-y-container h-column__content h-column__v-align flex-basis-100 align-self-lg-center align-self-md-center align-self-center">
                <!---->
                <div data-colibri-id="158-c5" class="h-text h-text-component style-413 style-local-158-c5 position-relative h-element">
                  <!---->
                  <!---->
                  <div class="">
                    <p>§ 75 støtte person</p>
                    <p>At opleve at få sit barn anbragt er en svær situation og for langt de fleste forældre vil det være givende, at tage imod støtte og sparring fra en uvildig person, hvor der er tid til at sætte ord på det svære, sårbare og sorgfulde
                      omkring anbringelsen og det den har ført med sig af forandringer for dig og din familie.</p>
                    <p>Det er væsentligt for mig at møde hver enkelt menneske nærværende, ærligt og respektfuldt. Jeg vil gøre mit yderste for at etablere en tryg og tillidsfuld relation med plads til det, der optager dig som forældre til et barn, der er
                      anbragt.</p>
                    <p>Som § 75 støtte person kan jeg eksempelvis støtte op omkring:</p>
                    <p>At give rum og plads til at dele svære følelser, tanker og oplevelser, der er forbundet med at være forældre til et anbragt barn.
                      <br>
                    </p>
                    <p>At rådgive i forbindelse med samvær og samspillet med barnet.</p>
                    <p>At gennemgå og forstå dokumenter omkring anbringelsen, statusrapporter, børnepsykologiske undersøgelser, forældrekompetence undersøgelser mv.</p>
                    <p>At forberede, deltage og evaluere møder med forvaltningen og anbringelsessted.</p>
                    <p>At støtte op omkring samarbejdet imellem forældre, anbringelsessted og familiens socialrådgiver.</p>
                    <p>Jeg kender til lovgivningen og rettigheder på anbringelsesområdet.</p>
                    <p>Jeg har ikke del i den aktuelle anbringelsessag og arbejder uafhængig af kommunen.</p>
                    <p>Jeg skal ikke informere kommunen om indholdet af samtalerne.</p>
                  </div>
                </div>
              </div>
            </div>
          </div>
          <div class="h-column h-column-container d-flex h-col-lg-auto h-col-md-auto h-col-auto align-self-lg-center align-self-md-center align-self-center style-414-outer style-local-158-c6-outer">
            <div data-colibri-id="158-c6" class="d-flex h-flex-basis h-column__inner h-px-lg-2 h-px-md-2 h-px-2 v-inner-lg-2 v-inner-md-2 v-inner-2 style-414 style-local-158-c6 position-relative">
              <!---->
              <!---->
              <div class="w-100 h-y-container h-column__content h-column__v-align flex-basis-auto align-self-lg-start align-self-md-start align-self-start">
                <!---->
                <div data-colibri-id="158-c7" class="d-block style-415 style-local-158-c7 position-relative h-element">
                  <!---->
                  <div class="h-image__frame-container-outer">
                    <div class="h-image__frame-container">
                      <!---->
                      <!---->
                      <img loading="lazy" decoding="async" width="1600" height="600" src="https://kraghterapi.dk/wp-content/uploads/2022/11/kraghterapi-blade1600x600-54.jpg" class="wp-image-630 style-415-image style-local-158-c7-image" alt="" srcset="https://kraghterapi.dk/wp-content/uploads/2022/11/kraghterapi-blade1600x600-54.jpg 1600w, https://kraghterapi.dk/wp-content/uploads/2022/11/kraghterapi-blade1600x600-54-300x113.jpg 300w, https://kraghterapi.dk/wp-content/uploads/2022/11/kraghterapi-blade1600x600-54-1024x384.jpg 1024w, https://kraghterapi.dk/wp-content/uploads/2022/11/kraghterapi-blade1600x600-54-768x288.jpg 768w, https://kraghterapi.dk/wp-content/uploads/2022/11/kraghterapi-blade1600x600-54-1536x576.jpg 1536w" sizes="auto, (max-width: 1600px) 100vw, 1600px" />
                      <div class="h-image__frame h-hide-lg h-hide-md h-hide-sm style-415-frameImage style-local-158-c7-frameImage"></div>
                    </div>
                  </div>
                </div>
              </div>
            </div>
          </div>
          <div class="h-column h-column-container d-flex h-col-lg-auto h-col-md-auto h-col-auto align-self-lg-center align-self-md-center align-self-center style-416-outer style-local-158-c8-outer">
            <div data-colibri-id="158-c8" class="d-flex h-flex-basis h-column__inner h-px-lg-2 h-px-md-2 h-px-2 v-inner-lg-2 v-inner-md-2 v-inner-2 style-416 style-local-158-c8 position-relative">
              <!---->
              <!---->
              <div class="w-100 h-y-container h-column__content h-column__v-align flex-basis-auto align-self-lg-start align-self-md-start align-self-start">
                <!---->
                <div data-colibri-id="158-c9" class="h-text h-text-component style-417 style-local-158-c9 position-relative h-element">
                  <!---->
                  <!---->
                  <div class="">
                    <p>Om min baggrund:</p>
                    <p>Jeg har 15 års erfaring i at arbejde som § 75 støtte person til forældre, der har fået deres barn anbragt.</p>
                    <p>Jeg har en baggrund som socialpædagog, ID Psykoterapeut og Marte Meo Terapeut.
                      <br>Jeg har 30 års erfaring i at arbejde med familier
                      <br>som har komplekse udfordringer, samspils -og samarbejdsproblematikker.</p>
                    <p>For yderlige informationer, se mere under punktet uddannelser og erfaringer eller ring gerne for en uforpligtende samtale.</p>
                    <p>Kommunen har pligt til at tilbyde forældremyndighedsindehaveren en uafhængig støtteperson i forbindelse med anbringelse af et eller flere børn – uafhængig af om anbringelsen er med eller uden samtykke.</p>
                    <p>En § 75 støtteperson bevilliges af familiens socialrådgiver i din bopæls kommune, som også betaler for støtten.
                      <br>Tilbuddet er derved gratis for forældrene.
                      <br>
                      <br>
                    </p>
                    <p>Støtteperson til forældre i forbindelse med barnets eller den unges anbringelse uden for hjemmet.</p>
                    <p>Barnet lov, kapitel 7, § 75. Kommunalbestyrelsen skal træffe afgørelse om at tilbyde forældremyndighedsindehaveren en støtteperson i forbindelse med barnets eller den unges anbringelse uden for hjemmet, jf. §§ 46 eller 47 i denne lov
                      eller § 14 i lov om bekæmpelse af ungdomskriminalitet.</p>
                    <p>
                      <br>
                    </p>
                    <p>
                      <br>
                    </p>
                    <p>
                      <br>
                    </p>
                  </div>
                </div>
              </div>
            </div>
          </div>
        </div>
      </div>
    </div>
  </div>
  <div data-colibri-component="section" data-colibri-id="158-c10" id="custom-2" class="h-section h-section-global-spacing d-flex align-items-lg-center align-items-md-center align-items-center style-340 style-local-158-c10 position-relative">
    <!---->
    <!---->
    <div class="h-section-grid-container h-section-boxed-container">
      <!---->
      <div data-colibri-id="158-c11" class="h-row-container gutters-row-lg-2 gutters-row-md-2 gutters-row-0 gutters-row-v-lg-2 gutters-row-v-md-2 gutters-row-v-2 style-341 style-local-158-c11 position-relative">
        <!---->
        <div class="h-row justify-content-lg-center justify-content-md-center justify-content-center align-items-lg-stretch align-items-md-stretch align-items-stretch gutters-col-lg-2 gutters-col-md-2 gutters-col-0 gutters-col-v-lg-2 gutters-col-v-md-2 gutters-col-v-2">
          <!---->
          <div class="h-column h-column-container d-flex h-col-lg-auto h-col-md-auto h-col-auto style-342-outer style-local-158-c12-outer">
            <div data-colibri-id="158-c12" class="d-flex h-flex-basis h-column__inner h-px-lg-2 h-px-md-2 h-px-2 v-inner-lg-2 v-inner-md-2 v-inner-2 style-342 style-local-158-c12 position-relative">
              <!---->
              <!---->
              <div class="w-100 h-y-container h-column__content h-column__v-align flex-basis-100 align-self-lg-start align-self-md-start align-self-start">
                <!---->
                <div data-colibri-id="158-c13" class="d-block style-343 style-local-158-c13 position-relative h-element">
                  <!---->
                  <div class="h-image__frame-container-outer">
                    <a href="mailto:hanne@kraghterapi.dk" target="_blank" h-use-smooth-scroll="true" class="image-link">
                      <div class="h-image__frame-container">
                        <!---->
                        <!---->
                        <img loading="lazy" decoding="async" width="1654" height="154" src="https://kraghterapi.dk/wp-content/uploads/2022/11/iconer-mail-tlf-adresse-groen-baggrund-fini23-psylogo.jpg" class="wp-image-1146 style-343-image style-local-158-c13-image" alt="" srcset="https://kraghterapi.dk/wp-content/uploads/2022/11/iconer-mail-tlf-adresse-groen-baggrund-fini23-psylogo.jpg 1654w, https://kraghterapi.dk/wp-content/uploads/2022/11/iconer-mail-tlf-adresse-groen-baggrund-fini23-psylogo-300x28.jpg 300w, https://kraghterapi.dk/wp-content/uploads/2022/11/iconer-mail-tlf-adresse-groen-baggrund-fini23-psylogo-1024x95.jpg 1024w, https://kraghterapi.dk/wp-content/uploads/2022/11/iconer-mail-tlf-adresse-groen-baggrund-fini23-psylogo-768x72.jpg 768w, https://kraghterapi.dk/wp-content/uploads/2022/11/iconer-mail-tlf-adresse-groen-baggrund-fini23-psylogo-1536x143.jpg 1536w" sizes="auto, (max-width: 1654px) 100vw, 1654px" />
                        <div class="h-image__frame h-hide-lg h-hide-md h-hide-sm style-343-frameImage style-local-158-c13-frameImage"></div>
                      </div>
                    </a>
                  </div>
                </div>
              </div>
            </div>
          </div>
        </div>
      </div>
    </div>
  </div>
</div>

<p>§ 75 støtte person At opleve at få sit barn anbragt er en svær situation og for langt de fleste forældre vil det være givende, at tage imod støtte og sparring fra en uvildig person, hvor der er tid til at sætte ord på det svære, sårbare og sorgfulde omkring anbringelsen og det den har [&hellip;]</p>
